018549 and 1589?
1589
What is the greatest common factor of 861 and 182655?
123
What is the highest common factor of 56960 and 2314?
178
What is the greatest common divisor of 1141768 and 492?
164
What is the greatest common factor of 60 and 52725?
15
Calculate the greatest common factor of 1359 and 324.
9
Calculate the highest common factor of 35 and 11599.
7
Calculate the highest common factor of 153 and 1275884.
17
What is the highest common divisor of 11746 and 9422?
14
Calculate the highest common divisor of 21960 and 6705.
45
Calculate the highest common factor of 25840 and 799.
17
Calculate the greatest common divisor of 31966 and 88.
22
What is the highest common divisor of 774602 and 86?
86
Calculate the greatest common divisor of 9 and 115416.
9
Calculate the greatest common divisor of 286 and 806366.
22
Calculate the greatest common divisor of 3420 and 311980.
380
What is the highest common factor of 120 and 36492?
12
What is the highest common factor of 62248 and 4216?
248
What is the greatest common factor of 38 and 363608?
2
Calculate the highest common factor of 58696 and 64.
8
What is the greatest common divisor of 43356 and 60?
12
What is the highest common divisor of 4278 and 2599?
23
Calculate the highest common factor of 1352 and 31408.
104
What is the highest common divisor of 3201585 and 30?
15
Calculate the greatest common factor of 4974 and 3708946.
1658
Calculate the highest common divisor of 35 and 47525.
5
What is the greatest common factor of 35 and 128065?
35
Calculate the highest common factor of 484 and 28622.
22
What is the greatest common factor of 1239 and 33276?
177
Calculate the greatest common factor of 232 and 15196.
116
Calculate the greatest common factor of 1222 and 783302.
1222
What is the highest common divisor of 313992 and 8?
8
What is the highest common factor of 6477885 and 45?
45
Calculate the highest common divisor of 323 and 25859.
19
What is the greatest common factor of 69994 and 1422?
158
What is the highest common divisor of 4050 and 1518?
6
What is the greatest common divisor of 7611 and 4902?
129
What is the highest common divisor of 27 and 147597?
3
Calculate the highest common factor of 108240 and 285.
15
Calculate the greatest common divisor of 2828 and 27496.
28
What is the highest common factor of 152 and 22990?
38
What is the highest common factor of 52 and 45994?
26
What is the greatest common factor of 10249 and 13019?
277
Calculate the highest common divisor of 38739 and 15429.
111
What is the greatest common factor of 31968 and 99?
9
Calculate the greatest common divisor of 36245 and 286.
11
Calculate the greatest common divisor of 869 and 7031.
79
What is the greatest common divisor of 95804 and 258?
86
Calculate the greatest common factor of 23861 and 446.
223
What is the highest common factor of 2258 and 85?
1
What is the highest common factor of 18 and 108606?
6
Calculate the highest common factor of 2046531 and 996.
249
What is the greatest common factor of 1711668 and 2296?
1148
Calculate the highest common factor of 2 and 1847.
1
Calculate the greatest common factor of 100 and 73.
1
What is the highest common divisor of 14 and 123350?
2
What is the greatest common divisor of 473725 and 350?
175
What is the highest common factor of 382 and 272557?
191
Calculate the highest common divisor of 874 and 19342.
38
Calculate the greatest common factor of 958528 and 204.
68
Calculate the highest common divisor of 203 and 3059.
7
What is the greatest common factor of 551 and 1769?
29
Calculate the greatest common divisor of 7239 and 7068.
57
Calculate the greatest common divisor of 81 and 2615.
1
Calculate the greatest common factor of 2292817 and 158.
79
Calculate the highest common factor of 142688 and 32.
32
What is the greatest common factor of 480 and 579960?
120
What is the highest common factor of 816 and 61608?
408
What is the greatest common divisor of 184162 and 11858?
242
What is the greatest common divisor of 1136 and 7920?
16
What is the greatest common divisor of 1488 and 287680?
496
What is the highest common divisor of 16008 and 9483?
87
What is the greatest common divisor of 156 and 654524?
52
What is the highest common factor of 7154 and 287693?
511
What is the greatest common factor of 288 and 973776?
48
What is the greatest common factor of 4096 and 960?
64
What is the highest common divisor of 552146 and 56?
14
What is the greatest common divisor of 493 and 17561?
17
What is the highest common divisor of 11976 and 120?
24
Calculate the highest common divisor of 39 and 595829.
13
What is the greatest common factor of 40 and 268340?
20
Calculate the greatest common divisor of 26503 and 2193.
17
Calculate the highest common divisor of 89624 and 136.
136
Calculate the greatest common factor of 48 and 350472.
24
Calculate the greatest common factor of 2648 and 166493.
331
Calculate the greatest common divisor of 885172 and 361.
361
Calculate the greatest common divisor of 5066 and 70626.
298
What is the greatest common divisor of 2318 and 4408?
38
Calculate the highest common factor of 1271 and 46190.
31
What is the greatest common divisor of 25432 and 264?
88
Calculate the greatest common factor of 30 and 221055.
15
Calculate the highest common factor of 444 and 12.
12
What is the highest common divisor of 582 and 468?
6
Calculate the highest common factor of 455 and 392028.
91
What is the highest common divisor of 172 and 1058144?
172
Calculate the greatest common factor of 732417 and 147.
21
What is the highest common divisor of 3471 and 764777?
1157
What is the highest common divisor of 63 and 1344735?
63
What is the highest common divisor of 23085 and 4370?
95
Calculate the greatest common divisor of 198080 and 32.
32
Calculate the highest common divisor of 165 and 704605.
55
What is the highest common divisor of 138 and 129?
3
What is the highest common factor of 16 and 321872?
16
Calculate the greatest common divisor of 4012323 and 42.
21
What is the greatest common factor of 2613099 and 69?
69
Calculate the greatest common factor of 2037 and 84.
21
Calculate the greatest common divisor of 2043 and 4869.
9
Calculate the highest common factor of 9960 and 2205.
15
What is the highest common divisor of 612 and 672792?
204
What is the greatest common factor of 16 and 4744?
8
Calculate the greatest common factor of 2371221 and 558.
279
What is the highest common factor of 352 and 2035?
11
What is the greatest common divisor of 2075 and 32536?
83
Calculate the highest common divisor of 13250 and 148294.
106
What is the greatest common factor of 7261 and 1370?
137
What is the greatest common factor of 1587 and 18561?
69
Calculate the greatest common factor of 220 and 2142030.
110
What is the highest common divisor of 2 and 7412?
2
What is the greatest common divisor of 376335 and 810?
45
Calculate the greatest common divisor of 675 and 20889.
9
Calculate the greatest common divisor of 254 and 1300861.
127
What is the highest common divisor of 308 and 34244?
28
What is the greatest common factor of 20 and 6677040?
20
Calculate the highest common divisor of 44 and 2834095.
11
Calculate the greatest common divisor of 95121 and 3861.
351
What is the highest common divisor of 580 and 98120?
20
What is the highest common factor of 684 and 2079873?
171
Calculate the highest common factor of 70 and 257770.
10
What is the greatest common divisor of 3674 and 403806?
334
Calculate the highest common divisor of 456 and 53900.
4
Calculate the highest common factor of 555803 and 1515.
101
What is the greatest common divisor of 159 and 14814825?
159
What is the greatest common divisor of 724 and 3565157?
181
Calculate the greatest common factor of 80 and 503960.
40
Calculate the highest common factor of 7544 and 144279.
943
Calculate the highest common factor of 3920 and 66395.
245
What is the greatest common factor of 9 and 1229?
1
Calculate the highest common divisor of 700 and 8512.
28
Calculate the highest common divisor of 64 and 5289664.
64
Calculate the highest common divisor of 27 and 3189429.
27
What is the highest common factor of 2034185 and 40?
5
Calculate the highest common divisor of 1085 and 807457.
217
What is the greatest common divisor of 403 and 2106?
13
Wh